False
Is 2251520 a multiple of 256?
True
Does 7 divide 355859?
True
Is 40 a factor of 35511?
False
Is 2908047 a multiple of 129?
True
Does 15 divide 172349?
False
Does 64 divide 2159424?
True
Is 65 a factor of 496612?
False
Does 904 divide 595382?
False
Is 15789 a multiple of 19?
True
Is 65 a factor of 147973?
False
Does 372 divide 159960?
True
Does 710 divide 3412260?
True
Does 476 divide 119476?
True
Is 919377 a multiple of 11?
False
Is 114807 a multiple of 231?
True
Is 344084 a multiple of 9?
False
Does 10 divide 77020?
True
Is 644 a factor of 252238?
False
Does 244 divide 264688?
False
Does 41 divide 635527?
False
Is 66 a factor of 1862061?
False
Is 1397 a factor of 3039872?
True
Is 5 a factor of 21463?
False
Is 164208 a multiple of 161?
False
Is 108504 a multiple of 268?
False
Does 22 divide 49815?
False
Is 170950 a multiple of 50?
True
Is 16006325 a multiple of 480?
False
Is 65 a factor of 468195?
True
Does 1138 divide 5319789?
False
Does 1484 divide 4718738?
False
Does 713 divide 344379?
True
Is 2045643 a multiple of 69?
True
Does 31 divide 295095?
False
Does 14 divide 1033732?
True
Does 187 divide 856243?
False
Is 2877061 a multiple of 785?
False
Is 217750 a multiple of 36?
False
Is 44 a factor of 19184?
True
Is 1261215 a multiple of 15?
True
Does 158 divide 934412?
True
Is 2316928 a multiple of 736?
True
Is 3120312 a multiple of 411?
True
Is 39741 a multiple of 13?
True
Is 3881250 a multiple of 690?
True
Does 248 divide 2439415?
False
Is 1400780 a multiple of 497?
False
Is 146192 a multiple of 240?
False
Is 213714 a multiple of 31?
True
Does 32 divide 6308352?
True
Is 146 a factor of 294087?
False
Does 12 divide 3190047?
False
Is 16 a factor of 480112?
True
Is 22685952 a multiple of 120?
False
Is 13607455 a multiple of 769?
True
Is 2592828 a multiple of 21?
True
Is 12006957 a multiple of 93?
False
Is 27 a factor of 104652?
True
Is 5278270 a multiple of 39?
False
Is 1214 a factor of 2720574?
True
Is 3115830 a multiple of 30?
True
Is 56 a factor of 463176?
True
Does 27 divide 62127?
True
Is 2 a factor of 10208?
True
Is 61 a factor of 2216160?
False
Is 633064 a multiple of 4?
True
Is 5038096 a multiple of 53?
False
Is 328566 a multiple of 14?
True
Is 733392 a multiple of 396?
True
Does 110 divide 195770?
False
Is 557394 a multiple of 205?
False
Is 179213 a multiple of 63?
False
Does 180 divide 288360?
True
Is 8068 a multiple of 9?
False
Is 468517 a multiple of 13?
False
Is 189 a factor of 131915?
False
Does 33 divide 1001859?
False
Is 356004 a multiple of 226?
False
Is 2153754 a multiple of 16?
False
Is 53543 a multiple of 90?
False
Is 26 a factor of 3222?
False
Is 394 a factor of 1259618?
True
Is 11 a factor of 130735?
True
Is 10 a factor of 157720?
True
Is 236 a factor of 432559?
False
Does 3 divide 113388?
True
Is 636168 a multiple of 6?
True
Is 80 a factor of 4132880?
True
Does 25 divide 3297600?
True
Is 227 a factor of 36794?
False
Is 777393 a multiple of 153?
True
Does 491 divide 4009453?
False
Is 2266350 a multiple of 150?
True
Does 17 divide 167101?
False
Is 16029 a multiple of 31?
False
Is 512853 a multiple of 11?
True
Does 60 divide 76620?
True
Does 170 divide 579700?
True
Is 1828789 a multiple of 19?
False
Does 39 divide 393902?
False
Does 31 divide 3343536?
True
Is 5 a factor of 11323?
False
Is 118569 a multiple of 21?
False
Is 158 a factor of 1631399?
False
Is 10686 a multiple of 39?
True
Is 84693 a multiple of 18?
False
Is 11 a factor of 769469?
False
Is 16 a factor of 2255239?
False
Is 15753512 a multiple of 198?
False
Is 628500 a multiple of 150?
True
Is 61 a factor of 71896?
False
Is 4102203 a multiple of 21?
True
Does 73 divide 188997?
True
Does 21 divide 943125?
False
Does 29 divide 12483015?
False
Is 1578271 a multiple of 113?
True
Does 70 divide 4136321?
False
Is 1840000 a multiple of 80?
True
Does 14 divide 3130278?
False
Is 7 a factor of 31896?
False
Is 965 a factor of 587685?
True
Does 6 divide 2998194?
True
Is 169 a factor of 403910?
True
Does 716 divide 3395825?
False
Is 94 a factor of 5296361?
False
Is 37 a factor of 161209?
True
Does 24 divide 2006288?
False
Is 32 a factor of 155168?
True
Is 10 a factor of 477687?
False
Is 171879 a multiple of 23?
True
Does 235 divide 3865045?
True
Is 176 a factor of 1243071?
False
Is 44714 a multiple of 79?
True
Is 17 a factor of 3028643?
False
Is 68056 a multiple of 188?
True
Is 562252 a multiple of 39?
False
Is 58 a factor of 28360202?
True
Is 313 a factor of 3195293?
False
Is 125 a factor of 884003?
False
Does 105 divide 42840?
True
Is 3595024 a multiple of 136?
True
Is 3 a factor of 246918?
True
Does 71 divide 299787?
False
Is 9950922 a multiple of 18?
True
Is 106119 a multiple of 33?
False
Does 5 divide 1072770?
True
Is 26 a factor of 89253?
False
Is 2381376 a multiple of 64?
True
Is 41 a factor of 239365?
False
Is 4142964 a multiple of 172?
True
Is 128006 a multiple of 23?
False
Is 321 a factor of 56175?
True
Does 5 divide 439350?
True
Is 113200 a multiple of 100?
True
Is 554292 a multiple of 12?
True
Does 9 divide 143496?
True
Is 153 a factor of 418608?
True
Is 337601 even?
False
Is 4 a factor of 122608?
True
Is 13 a factor of 504855?
True
Is 4329900 a multiple of 12?
True
Does 244 divide 2108692?
False
Is 375 a factor of 11978079?
False
Does 36 divide 1971430?
False
Is 1482117 a multiple of 18?
False
Is 192 a factor of 10853760?
True
Does 395 divide 16928120?
True
Is 3153168 a multiple of 81?
True
Is 55585 a multiple of 11?
False
Does 66 divide 1885932?
False
Does 57 divide 574389?
True
Is 14703 a multiple of 50?
False
Is 195 a factor of 7827495?
True
Does 107 divide 386163?
True
Is 6650735 a multiple of 10?
False
Does 212 divide 2889560?
True
Is 431 a factor of 868034?
True
Is 345987 a multiple of 5?
False
Does 13 divide 6188877?
False
Is 1185531 a multiple of 24?
False
Is 210 a factor of 96751?
False
Is 716468 a multiple of 412?
True
Is 21 a factor of 2807678?
False
Is 124 a factor of 1197468?
True
Is 31091 a multiple of 20?
False
Does 162 divide 433790?
False
Is 357 a factor of 12476?
False
Does 511 divide 5156290?
False
Is 254 a factor of 5155800?
False
Is 113 a factor of 3796039?
False
Is 127 a factor of 128079?
False
Does 148 divide 2076611?
False
Does 809 divide 482973?
True
Does 22 divide 40436?
True
Is 1900704 a multiple of 13?
True
Is 435 a factor of 1769792?
False
Is 2635288 a multiple of 8?
True
Is 533 a factor of 3581227?
True
Is 854753 a multiple of 19?
True
Does 5 divide 23312?
False
Is 139 a factor of 1153862?
False
Is 1768536 a multiple of 84?
True
Does 18 divide 207666?
True
Is 718533 a multiple of 29?
True
Does 9 divide 37466?
False
Does 14 divide 32144?
True
Is 5166062 a multiple of 727?
True
Is 36 a factor of 442008?
True
Is 4199220 a multiple of 36?
True
Does 42 divide 880656?
True
Is 12864868 a multiple of 226?
False
Does 175 divide 101732?
False
Does 248 divide 664510?
False
Is 13 a factor of 362030?
False
Does 372 divide 240025?
False
Does 48 divide 28568?
False
Does 1349 divide 1898316?
False
Is 140 a factor of 25380252?
False
Is 1085637 a multiple of 357?
True
Is 137224 a multiple of 136?
True
Is 225 a factor of 911475?
True
Is 92 a factor of 7024241?
False
Is 8907119 a multiple of 422?
False
Is 474804 a multiple of 242?
True
Is 24 a factor of 511872?
True
Is 64 a factor of 460136?
False
Is 442619 a multiple of 34?
False
Is 691824 a multiple of 348?
True
Is 61224 a multiple of 5?
False
Does 9 divide 14039505?
True
Does 913 divide 20590889?
True
Is 90780 a multiple of 255?
True
Is 21 a factor of 1185261?
True
Does 6 divide 746862?
True
Is 16 a factor of 3817009?
False
Is 23500 a multiple of 2?
True
Is 655568 a multiple of 345?
False
Does 14 divide 343656?
False
Does 110 divide 863598?
False
Is 231 a factor of 659135?
False
Is 29 a factor of 13088238?
False
Does 16 divide 10309008?
True
Does 11 divide 4491630?
True
Is 247 a factor of 1209498?
False
Does 1595 divide 1379675?
True
Is 2388 a multiple of 3?
True
Does 338 divide 191087?
False
Is 4 a factor of 1227719?
False
Is 15 a factor of 1534950?
True
Does 11 divide 24354?
True
Is 11 a factor of 13310?
True
Does 16 divide 698541?
False
Is 106291 a multiple of 17?
False
Is 51 a factor of 1100184?
False
Is 31 a factor of 60410?
False
Is 27918 a multiple of 4?
False
Is 4 a factor of 3250206?
